ghest common factor of 137520 and 2520.
360
Calculate the greatest common factor of 180923 and 239.
239
What is the greatest common factor of 256 and 4240?
16
Calculate the greatest common factor of 78067 and 1269.
47
What is the greatest common divisor of 129 and 90?
3
Calculate the highest common factor of 7 and 439.
1
Calculate the highest common factor of 35 and 19999.
7
Calculate the greatest common divisor of 8 and 25846.
2
Calculate the greatest common divisor of 173988 and 729.
243
Calculate the highest common factor of 36 and 1076.
4
What is the highest common factor of 3562724 and 12?
4
Calculate the highest common divisor of 21 and 2467731.
21
Calculate the highest common divisor of 474 and 149152.
158
What is the greatest common divisor of 100 and 156025?
25
What is the highest common divisor of 533 and 1271?
41
What is the greatest common divisor of 428 and 8667?
107
What is the greatest common divisor of 44776 and 232?
232
What is the highest common factor of 330 and 555610?
110
What is the greatest common divisor of 46 and 436057?
23
Calculate the greatest common factor of 29904 and 6384.
336
What is the greatest common factor of 542743 and 11943?
1327
What is the highest common divisor of 29708 and 166577?
1061
What is the greatest common divisor of 22414 and 560?
14
What is the greatest common factor of 288609 and 204?
51
Calculate the highest common divisor of 27133 and 129.
43
Calculate the greatest common divisor of 17 and 4261.
1
Calculate the highest common divisor of 712 and 4848.
8
Calculate the greatest common divisor of 39344 and 16.
16
What is the greatest common factor of 196 and 24976?
28
What is the greatest common divisor of 24 and 514020?
12
Calculate the greatest common divisor of 36 and 1566636.
12
What is the highest common factor of 1578696 and 252?
84
What is the greatest common factor of 868671 and 27?
27
What is the greatest common divisor of 5017 and 3248?
29
Calculate the highest common factor of 2149 and 4858.
7
What is the highest common factor of 1778196 and 168?
84
What is the highest common divisor of 8676 and 216?
36
What is the highest common factor of 60814 and 26?
26
What is the greatest common factor of 24 and 805864?
8
What is the highest common divisor of 6422 and 17238?
338
What is the highest common factor of 12282425 and 25?
25
Calculate the highest common factor of 9008 and 144.
16
Calculate the highest common divisor of 8538544 and 784.
784
Calculate the greatest common factor of 190320 and 60024.
1464
Calculate the greatest common factor of 49113 and 4131.
459
What is the greatest common factor of 433292 and 1937?
149
What is the greatest common factor of 7358 and 6?
2
What is the highest common divisor of 402 and 1584?
6
Calculate the highest common factor of 38 and 313234.
38
What is the greatest common divisor of 229320 and 315?
315
What is the greatest common divisor of 5282 and 1520?
38
What is the highest common factor of 3668 and 364?
28
Calculate the greatest common factor of 311840 and 480.
160
What is the highest common divisor of 170208 and 117?
9
Calculate the highest common divisor of 1702 and 27676.
74
Calculate the highest common factor of 16 and 260368.
16
Calculate the highest common factor of 20427 and 264.
33
Calculate the highest common factor of 1575 and 486.
9
Calculate the greatest common divisor of 75 and 21.
3
Calculate the highest common divisor of 7770420 and 540.
180
What is the greatest common divisor of 24696 and 414?
18
What is the greatest common factor of 11 and 153670?
11
Calculate the highest common factor of 10400 and 9568.
416
What is the highest common divisor of 68 and 11456538?
34
What is the highest common factor of 423 and 355320?
423
What is the highest common divisor of 21 and 3493539?
21
Calculate the highest common divisor of 12138 and 294.
42
What is the greatest common divisor of 460 and 100464?
92
Calculate the highest common factor of 870 and 21170.
290
Calculate the highest common divisor of 102 and 11244.
6
Calculate the highest common divisor of 108330 and 300.
30
Calculate the greatest common factor of 74 and 131942.
74
What is the greatest common factor of 232700 and 1300?
1300
Calculate the highest common divisor of 11638 and 4510.
22
What is the greatest common factor of 2310 and 15505?
35
What is the highest common divisor of 80570 and 19040?
70
What is the greatest common divisor of 1541 and 13225?
23
What is the greatest common factor of 1312 and 544?
32
What is the highest common factor of 11296 and 376?
8
What is the greatest common factor of 930 and 3030?
30
What is the highest common divisor of 46961 and 622?
311
Calculate the highest common factor of 11284 and 5766.
62
Calculate the highest common divisor of 26 and 1572155.
13
What is the highest common factor of 6888 and 17472?
168
Calculate the highest common factor of 38 and 77463.
19
What is the highest common divisor of 29305 and 10?
5
What is the highest common factor of 32340 and 21070?
490
What is the greatest common factor of 239 and 3107239?
239
Calculate the highest common factor of 155 and 3005.
5
What is the highest common factor of 14896 and 2648?
8
What is the greatest common factor of 184330 and 10?
10
What is the highest common factor of 56241 and 648?
27
Calculate the highest common divisor of 74062 and 874.
38
What is the greatest common factor of 153 and 3681?
9
What is the highest common factor of 345 and 1354815?
345
What is the greatest common divisor of 145299 and 5439?
777
Calculate the greatest common factor of 58443 and 30360.
759
What is the highest common divisor of 4462 and 106700?
194
Calculate the greatest common factor of 200 and 6683400.
200
Calculate the greatest common factor of 3080 and 68838.
154
What is the highest common divisor of 11 and 395?
1
What is the greatest common divisor of 31655 and 260?
65
Calculate the greatest common factor of 5367384 and 72.
72
What is the greatest common factor of 644 and 118216?
28
What is the highest common factor of 566 and 79523?
283
Calculate the greatest common factor of 175 and 1393.
7
What is the greatest common factor of 1400 and 79400?
200
Calculate the highest common divisor of 216 and 161208.
72
Calculate the greatest common divisor of 2233 and 18480.
77
What is the highest common factor of 223678 and 364?
182
Calculate the greatest common divisor of 215 and 17888.
43
Calculate the highest common divisor of 38528 and 3696.
112
What is the greatest common divisor of 6 and 1787316?
6
Calculate the highest common divisor of 16520 and 3080.
280
Calculate the highest common divisor of 66 and 414524.
22
What is the highest common factor of 1913072 and 928?
464
Calculate the highest common divisor of 4293 and 233847.
81
What is the greatest common divisor of 1880 and 7080?
40
Calculate the greatest common factor of 1534293 and 908.
227
Calculate the greatest common factor of 36491 and 7.
7
What is the highest common factor of 11 and 486684?
11
What is the greatest common factor of 47842 and 152?
38
Calculate the highest common divisor of 33402 and 323.
19
What is the greatest common divisor of 29 and 3625?
29
What is the greatest common factor of 92650 and 5950?
850
Calculate the highest common factor of 1146 and 14.
2
Calculate the highest common factor of 3097310 and 10.
10
Calculate the highest common factor of 12154 and 1121.
59
Calculate the highest common divisor of 408 and 3768.
24
What is the highest common factor of 1064 and 5187?
133
Calculate the greatest common divisor of 1050 and 69150.
150
What is the greatest common divisor of 148 and 65194?
74
Calculate the greatest common divisor of 8 and 1225976.
8
Calculate the greatest common factor of 1511158 and 4610.
922
Calculate the highest common factor of 2733237 and 13.
13
What is the highest common factor of 214 and 23433?
107
What is the highest common divisor of 25584 and 2460?
492
What is the highest common factor of 24217 and 2928?
61
What is the greatest common factor of 10982 and 850?
34
What is the highest common divisor of 9615 and 30?
15
What is the greatest common divisor of 319685 and 1105?
85
Calculate the greatest common divisor of 92672 and 12800.
512
Calculate the highest common divisor of 50830 and 234.
26
Calcul